107234?
2, 6053617
What are the prime factors of 8458443?
3, 7, 31, 61, 71
What are the prime factors of 4669048?
2, 583631
What are the prime factors of 6832901?
37, 151, 1223
What are the prime factors of 19267617?
3, 6422539
List the prime factors of 833659.
833659
List the prime factors of 341859.
3, 7, 73, 223
What are the prime factors of 1740026?
2, 870013
List the prime factors of 1118354.
2, 559177
What are the prime factors of 5770252?
2, 467, 3089
List the prime factors of 20523953.
31, 662063
What are the prime factors of 9351068?
2, 433, 5399
What are the prime factors of 257516?
2, 7, 17, 541
What are the prime factors of 50262?
2, 3, 8377
What are the prime factors of 5452615?
5, 7, 43, 3623
List the prime factors of 2717578.
2, 179, 7591
What are the prime factors of 88575?
3, 5, 1181
What are the prime factors of 116818?
2, 13, 4493
List the prime factors of 175458.
2, 3, 29243
What are the prime factors of 17472215?
5, 3494443
List the prime factors of 201518.
2, 17, 5927
What are the prime factors of 1917345?
3, 5, 17, 73, 103
List the prime factors of 4373348.
2, 7, 53, 421
What are the prime factors of 6129020?
2, 5, 19, 127
What are the prime factors of 45399?
3, 37, 409
List the prime factors of 4106133.
3, 163, 311
What are the prime factors of 8773127?
11, 797557
What are the prime factors of 6982?
2, 3491
What are the prime factors of 492425?
5, 19697
What are the prime factors of 1052836?
2, 263209
What are the prime factors of 84549?
3, 28183
What are the prime factors of 12503547?
3, 7, 198469
List the prime factors of 3473172.
2, 3, 32159
What are the prime factors of 18809?
7, 2687
What are the prime factors of 135348?
2, 3, 11279
List the prime factors of 5282083.
37, 142759
What are the prime factors of 423527?
13, 32579
What are the prime factors of 81563?
81563
What are the prime factors of 11231184?
2, 3, 233983
What are the prime factors of 19671205?
5, 31, 179, 709
List the prime factors of 512021.
512021
What are the prime factors of 6864574?
2, 61, 56267
List the prime factors of 4245242.
2, 73, 29077
What are the prime factors of 439031?
29, 15139
List the prime factors of 535506.
2, 3, 149, 599
List the prime factors of 19266471.
3, 7, 101939
List the prime factors of 909826.
2, 47, 9679
What are the prime factors of 191025?
3, 5, 283
List the prime factors of 194730.
2, 3, 5, 6491
List the prime factors of 328077.
3, 29, 419
List the prime factors of 61762.
2, 30881
List the prime factors of 219519.
3, 24391
What are the prime factors of 122763?
3, 151, 271
What are the prime factors of 71657?
131, 547
What are the prime factors of 1621117?
103, 15739
List the prime factors of 1422095.
5, 37, 7687
List the prime factors of 5349503.
5349503
List the prime factors of 1793611.
1793611
What are the prime factors of 270154?
2, 135077
List the prime factors of 458806.
2, 229403
List the prime factors of 19234427.
67, 107, 2683
What are the prime factors of 184441?
184441
What are the prime factors of 3111674?
2, 1555837
List the prime factors of 5701917.
3, 13, 146203
List the prime factors of 253814.
2, 11, 83, 139
What are the prime factors of 537351?
3, 37, 47, 103
What are the prime factors of 16703270?
2, 5, 1670327
List the prime factors of 513837.
3, 19031
List the prime factors of 1351463.
103, 13121
What are the prime factors of 98956?
2, 11, 13, 173
List the prime factors of 1077512.
2, 367
What are the prime factors of 16895642?
2, 8447821
List the prime factors of 18276795.
3, 5, 179, 2269
What are the prime factors of 12490671?
3, 823, 5059
List the prime factors of 1326457.
11, 120587
List the prime factors of 238780.
2, 5, 11939
List the prime factors of 698531.
698531
List the prime factors of 840781.
347, 2423
What are the prime factors of 567160?
2, 5, 11, 1289
What are the prime factors of 149330?
2, 5, 109, 137
What are the prime factors of 19011782?
2, 41, 47, 4933
What are the prime factors of 137557?
7, 43, 457
List the prime factors of 32059717.
32059717
What are the prime factors of 306890?
2, 5, 30689
What are the prime factors of 122511?
3, 97, 421
List the prime factors of 45432.
2, 3, 631
List the prime factors of 25019557.
47, 532331
What are the prime factors of 564227?
564227
What are the prime factors of 799537?
677, 1181
What are the prime factors of 9229187?
11, 23, 36479
What are the prime factors of 165996?
2, 3, 29, 53
What are the prime factors of 34083311?
601, 56711
What are the prime factors of 9574743?
3, 61, 52321
What are the prime factors of 472785?
3, 5, 43, 733
List the prime factors of 13021768.
2, 89, 18289
List the prime factors of 5978156.
2, 1494539
What are the prime factors of 1162115?
5, 67, 3469
List the prime factors of 30482.
2, 15241
List the prime factors of 7686574.
2, 7, 31, 89, 199
List the prime factors of 3326880.
2, 3, 5, 29, 239
What are the prime factors of 69068?
2, 31, 557
What are the prime factors of 583360?
2, 5, 1823
List the prime factors of 221762.
2, 110881
List the prime factors of 207290.
2, 5, 19, 1091
List the prime factors of 6117489.
3, 7, 97103
What are the prime factors of 8415087?
3, 1097, 2557
List the prime factors of 6621971.
47, 140893
List the prime factors of 796737.
3, 265579
List the prime factors of 9228141.
3, 13, 61, 431
List the prime factors of 649082.
2, 7, 71, 653
List the prime factors of 980644.
2, 7, 35023
List the prime factors of 35685183.
3, 61, 109, 1789
What are the prime factors of 4994056?
2, 17, 36721
List the prime factors of 6166118.
2, 7, 47, 9371
What are the prime factors of 2379633?
3, 223, 3557
What are the prime factors of 95497?
29, 37, 89
What are the prime factors of 241379?
281, 859
List the prime factors of 1504934.
2, 113, 6659
List the prime factors of 230872.
2, 28859
What are the prime factors of 68083?
103, 661
List the prime factors of 2148628.
2, 537157
List the prime factors of 227151.
3, 47, 179
List the prime factors of 204136.
2, 17, 19, 79
What are the prime factors of 378968?
2, 127, 373
List the prime factors of 1110508.
2, 7, 17, 2333
What are the prime factors of 191011?
251, 761
What are the prime factors of 3511419?
3, 107, 10939
List the prime factors of 640202.
2, 320101
What are the prime factors of 680961?
3, 23, 71, 139
List the prime factors of 1506901.
11, 136991
What are the prime factors of 202992?
2, 3, 4229
List the prime factors of 1184928.
2, 3, 12343
List the prime factors of 5029725.
3, 5, 199, 337
What are the prime factors of 199397?
11, 18127
What are the prime factors of 329268?
2, 3, 23, 1193
List the prime factors of 299025.
3, 5, 443
List the prime factors of 1806.
2, 3, 7, 43
What are the prime factors of 235198?
2, 23, 5113
What are the prime factors of 184290?
2, 3, 5, 6143
What are the prime factors of 1735713?
3, 7, 27551
What are the prime factors of 4805478?
2, 3, 266971
What are the prime factors of 1581671?
7, 13, 191
What are the prime factors of 925810?
2, 5, 92581
List the prime factors of 3434612.
2, 17, 53, 953
What are the prime factors of 385873?
37, 10429
List the prime factors of 59851.
11, 5441
List the prime factors of 3169839.
3, 1056613
List the prime factors of 6117883.
6117883
What are the prime factors of 80948?
2, 7, 59
List the prime factors of 332727.
3, 110909
What are the prime factors of 142907?
142907
What are the prime factors of 351368?
2, 167, 263
What are the prime factors of 310091?
310091
List the prime factors of 12318.
2, 3, 2053
List the prime factors of 1267691.
23, 55117
What are the prime factors of 5886726?
2, 3, 17, 57713
List the prime factors of 2799118.
2, 7, 17, 19, 619
What are the prime factors of 3055295?
5, 19, 29, 1109
What are the prime factors of 20274?
2, 3, 31, 109
List the prime factors of 1511035.
5, 277, 1091
List the prime factors of 12521383.
7, 1788769
List the prime factors of 225718.
2, 112859
What are the prime factors of 272835?
3, 5, 43, 47
What are the prime factors of 1968685?
5, 17, 19, 23, 53
What are the prime factors of 5425958?
2, 17, 29, 5503
What are the prime factors of 1469447?
7, 23, 9127
What are the prime factors of 1635152?
2, 102197
List the prime factors of 538108.
2, 23, 5849
What are the prime factors of 11801167?
7, 1685881
What are the prime factors 